**4/12 + b**3/2 + 26*b**2. Let t be j(2). Let i(n) = -1697*n. Is i(t) prime?
False
Let m(d) = 55*d + 112. Let u be m(-2). Suppose 3*r - 1681 = u*l + 7258, -3*r + 8924 = -5*l. Is r composite?
True
Suppose 5*x = -19*m + 21*m + 6, 4*m + 12 = -5*x. Suppose x = o + 2, 3*o = -2*f - o + 17550. Is f a composite number?
False
Let h be (-2 - -7 - 4) + 1*6196. Let x = h - 3716. Is x a prime number?
False
Suppose 23*j + 5909 = 4*j. Let g = 822 + j. Is g a prime number?
False
Let c = 304305 - 167810. Is c composite?
True
Let t(a) be the third derivative of 1249*a**5/60 - 5*a**4/12 - 8*a**3/3 - 5*a**2 + 2*a. Is t(-3) prime?
False
Suppose -310 = 40*u + 90. Is 1397 + (3 + -12 - 30/u) prime?
False
Suppose -3*x + 1095 = w, 0 = -3*x - 0*x - 2*w + 1098. Suppose 3*s + 290 = 4*z + s, -x = -5*z + s. Let p = z - 40. Is p prime?
False
Let k(g) = -4*g**2 - 10*g + 18. Let j be k(3). Is 4911/12*j/(-12) a prime number?
True
Is 57802*((-1 - 2) + (-4)/(-16)*14) composite?
False
Let l(t) = 4*t**3 + 40*t**2 + 135*t + 11. Is l(40) a composite number?
False
Let f = -342155 - -575334. Is f a prime number?
False
Let p be 11211*(-1 + 7 + -5). Suppose -5*t + 15969 + 2720 = 3*z, -p = -3*t - 3*z. Is t a composite number?
False
Suppose 15*y = l + 14*y - 7, -4*l = y - 13. Is (l/8)/((-18)/(-124452)) a prime number?
True
Let i(d) = 371*d**3 + 9*d**2 + 5*d - 2. Let g be ((-24)/(-42))/2 + 76/28. Is i(g) a composite number?
False
Let w be 4/(-10)*(0 - 5). Suppose -8 = w*p - 10. Is 1178 + ((-4 - -2) + 1)*p a prime number?
False
Let o be ((-18)/(-30))/((-312)/(-100) - 3). Suppose 5*x = 5*q - 73728 - 16437, 72130 = 4*q - o*x. Is q a prime number?
False
Let l(f) = -7*f**3 - 100*f**2 + 504*f + 180. Is l(-53) composite?
False
Suppose -102*j - 71691 = -48*j - 77*j. Is j composite?
True
Let a(c) = 55754*c**2 - 124*c - 5. Is a(-3) composite?
True
Let w be 243/18 + 6/4. Suppose -w = -6*j + 9. Suppose -623 = j*p - 3771. Is p prime?
True
Let i = 101309 - -48957. Is i prime?
False
Let n(y) = 4*y - 1. Let v(b) = 6*b**2 + 10*b - 9. Let m(p) = -4*n(p) + v(p). Suppose -4*o - 9 + 3 = -2*l, 18 = -4*o - 2*l. Is m(o) a prime number?
True
Let m be ((-4)/(-2) + 1)/((-135)/360). Is (2 - (-12)/m)*314 a prime number?
True
Suppose 60587 = o - t, -8*t - 302943 = -5*o - 7*t. Is o a prime number?
True
Suppose 18*p = -49*p - 86*p + 35626203. Is p a composite number?
True
Let c(x) = 4*x - 81*x**3 + 13 - 104*x**3 + 16*x**2 + 184*x**3. Is c(-14) prime?
False
Let n(b) = -13530*b + 10807. Is n(-14) prime?
True
Let i = 5161 + -3452. Is i prime?
True
Let f(r) = -321*r + 92. Let y(w) = -160*w + 45. Let x(d) = 2*f(d) - 5*y(d). Is x(5) a composite number?
True
Let p(f) = f**3 - 32*f**2 - 68*f + 12. Let i be p(34). Suppose -46*g = -i*g - 174386. Is g a prime number?
False
Let i = 20478 - 11672. Let r = i + 4135. Is r a composite number?
False
Let z(v) = -v**2 + 6*v + 4. Let f be z(6). Suppose f*p - 3*h - 1416 = 0, 5*h = -4*p + 3*h + 1416. Suppose -2988 - p = -6*x. Is x a prime number?
True
Is (-66)/(-77)*743078/4 composite?
True
Suppose -4011*n - 5*c = -4006*n - 989130, 5*n + 3*c = 989114. Is n a composite number?
True
Suppose -10*r - 3*x = -14*r + 339248, -84813 = -r + x. Is r prime?
True
Suppose 2*g = f - 4*f - 10, f = -4*g - 20. Let j(b) = -2*b + 643. Let v(r) = r - 321. Let c(q) = -4*j(q) - 9*v(q). Is c(f) composite?
False
Let u = -233 + 209. Is (-3 - 1088/(-1)) + u/8 a composite number?
True
Let k(b) = -2*b**3 - 10*b**2 + 2*b + 30. Let n be k(-5). Let p(f) = 2*f**3 + 2*f**2 - 15*f - 5. Is p(n) composite?
True
Suppose 26*d - 21*d + 1352386 = 19*d. Is d a prime number?
False
Suppose -91*a + 1226462 + 13208 - 113727 = 0. Is a prime?
True
Let g = -4725 + 30808. Is g prime?
True
Let p(a) = a**3 - 4*a**2 - 12*a + 5. Let f be p(6). Suppose 0*w + f*w + 2*r - 3847 = 0, 2*r = 5*w - 3843. Suppose -7*u = -8*u + w. Is u a composite number?
False
Let a(c) be the second derivative of 3/2*c**2 + 0 - 469/6*c**3 - 34*c. Is a(-8) a prime number?
False
Suppose 94*m + 11273632 = 126*m. Is m prime?
True
Suppose 193*d - 4*a = 189*d + 1252288, 2*a - 14 = 0. Is d a composite number?
True
Let l(g) = -g + 14. Let y be l(6). Let s be 9/(-36) + 2/y. Suppose s = -2*b + 250 + 420. Is b composite?
True
Let w(l) be the third derivative of 17*l**5/60 + 9*l**4/8 + 33*l**3/2 - 2*l**2 - 35*l. Is w(-17) a prime number?
False
Suppose 0 = -x + 7*x - 6. Let h(m) = -m**3 + m + 1. Let g(p) = -2*p**3 + 12*p**2 - 4*p + 34. Let z(r) = x*g(r) - h(r). Is z(8) composite?
True
Let y be (16/12)/((-4)/(-36)). Let m be 5*3/y*4. Suppose 3*v - 485 = -2*b, m*v - 2*b - 102 = 701. Is v a prime number?
False
Let k = 9264 + 9857. Is k a prime number?
True
Is -12 + 146731875/195 + 10/(-65)*1 a prime number?
True
Suppose -3*r - 3*p + 350601 = 0, 2*r - 3*r + 116867 = 4*p. Is r composite?
False
Suppose 0 = 10*t - 105 - 15. Suppose 0 = 6*b - t*b + 6978. Is b composite?
False
Let h(x) = 35*x**2 + 21*x - 331. Let s(q) = 66*q + 209. Let w be s(-3). Is h(w) composite?
True
Let k(d) = 349 - 109*d - 103 - 103 - 43*d - 100. Let m be ((-1)/2)/((-1)/(-16)). Is k(m) composite?
False
Let b be -3*(-1)/3*7. Suppose -2*g = -b*g. Suppose g = 3*s + 2*s - 3590. Is s a prime number?
False
Let v be (5/2)/((-135)/36 + 5). Suppose 4*i = -3*k + 20991, -4*k + 13994 = -v*k + 3*i. Is k prime?
True
Let z be 40/32 - (-355)/20. Suppose z*n - 40358 = 2*n. Is n composite?
True
Let g = -148 + 151. Suppose 4*u - 5*s - 28 = 0, 3*s + 3 + 15 = g*u. Is 2343/u - (-2)/(-4) a prime number?
True
Suppose 0 = 2*y - y - 3*z - 38, 3*y = -3*z + 90. Suppose 64110 = y*m - 70706. Is m a prime number?
False
Suppose -110*v - 3431 - 39579 = 0. Let d(c) = -60*c**2. Let i be d(-1). Let h = i - v. Is h a prime number?
True
Let s(f) = 2199*f - 5143. Is s(20) composite?
True
Let v(d) be the first derivative of -11*d**4/24 + 2*d**3 + 17*d**2/2 - 16. Let n(t) be the second derivative of v(t). Is n(-5) prime?
True
Let m(t) = 5*t + 19. Let x be m(0). Suppose -2*u - 49504 = -x*u. Suppose 2*h - 5*d - u = 0, h - 6*h + 7313 = 4*d. Is h composite?
True
Let m(j) = 248*j + 177. Let n(g) = 744*g + 531. Let s(p) = 8*m(p) - 3*n(p). Is s(-20) a prime number?
True
Let b = 303 + -198. Suppose b*s = 116*s - 46981. Is s prime?
True
Suppose 334 = 13*k + 1673. Let l = 101 + k. Is (211/l)/(4/(-56)) a prime number?
False
Suppose -12*f + 15 = -33. Suppose -470 - 342 = -f*k. Is k a prime number?
False
Suppose -4*k = 5*d - 64, -3*d + 6*d - 33 = 3*k. Suppose 3*v = 3*b - 74496, -3*b + 0*v + 74502 = -v. Suppose -d*h = -17*h + b. Is h a composite number?
False
Suppose -4*d - 3747 = 4*i - 33571, 2*d + 4*i - 14922 = 0. Suppose 0 = -12*x + 1357 + d. Is x a composite number?
True
Let z(y) = y**2 + 3*y + 19. Let t be z(-5). Suppose 0 = t*d - 39894 - 36173. Is d composite?
True
Let m(x) = x**3 - 12*x**2 + 23*x - 5. Let v = -101 + 104. Suppose 14 - v = g. Is m(g) prime?
True
Suppose 0 = 4*o - 5*p - 0*p + 15, 0 = 2*o + 5*p - 15. Is 18062/2 + (-2 - o) composite?
False
Let r(c) = -8*c - 41. Let x be r(-6). Suppose -z = x*z + 80. Let f(v) = 4*v**2 + 8*v + 11. Is f(z) composite?
False
Suppose -11*d = -195 - 520. Suppose -i + 538 = d. Is i composite?
True
Suppose 5*g + 251 = -409. Let j = -129 - g. Suppose y - j*y + 818 = 0. Is y a composite number?
False
Suppose 9*g + 30939 = 6*g. Is 1/((-1)/g)*1 a composite number?
False
Let h(k) = -275*k**3 + 6*k**2 + 14*k + 19. Let j be h(-4). Let g = 4144 + j. Is g composite?
False
Is (-16)/88 - (-3 + (-7171520)/22) a composite number?
True
Let w be -1 - 2 - 117/(-13). Suppose -3340 = f - w*f. Suppose -4*c + f = -4*j - 276, 5*c - 1171 = 2*j. Is c a prime number?
True
Suppose 0 = -8*k + 6*k + 8*k. Suppose -5*h + 21 - 6 = k. Suppose -2*w = -5*w - 3*s + 7389, 0 = -h*w + s + 7373. Is w composite?
False
Suppose -a - 3*q - 174 = 179, -4*a = -3*q + 1352. Let b(d) = -2*d - 2. Let n be b(-3). Is n/(-3)*(1 - a/(-2)) composite?
True
Let k(a) = -5*a - 8. Let d(u) = 4*u + 9. Let n(v) = 6*d(v) + 5*k(v). Let s be n(10). Suppose s*z + 0*z + 2*j = 1560, 3*z - 1167 = -3*j. Is z a prime number?
False
Let s(u) = -7 - 5 + 20 - 18*u - 6. Let y be s(-5). Let d = y - 25. Is d composite?
False
Suppose -31997*o - 15210 = -32003*o. Let u be 3 - -1 - (3 - 1). Suppose 3*g - o + 808 = -u*i, -4*i - 5*g = -3459. Is i composite?
True
Let n be (-120)/540 + 40/18. Suppose -i = -